e greatest common divisor of 32 and y.
16
Suppose 2387 = 4*a + 203. What is the highest common divisor of a and 21?
21
Suppose -5*t = -5*z + 160, -5*t + 124 = 5*z - t. Let l(j) = -55*j + 4. Let o be l(-4). Calculate the greatest common divisor of z and o.
28
Suppose 3*n + 48 + 212 = j, 2*n + 180 = 4*j. Let k be 372/(-8) + 1/2. Let t = k - n. What is the greatest common divisor of t and 8?
8
Let b(p) = -p**3 - 5*p**2 - 9*p + 1. Let k be b(-4). Suppose -4*z + 119 = -k. Calculate the greatest common divisor of 5 and z.
5
Suppose -3*u + 2 - 11 = 0, u = -4*n + 153. Let r be 344 + -14*(-10)/20. What is the greatest common factor of r and n?
39
Let w(q) = -7*q**2 + 84*q + 21. Let k be w(12). What is the greatest common divisor of 96 and k?
3
Suppose 2*c + 74 = 2*l + 4*c, -2*c = -2*l + 54. What is the highest common divisor of l and 304?
16
Let p(n) = n - 3. Let q be p(-7). Let f = q - -15. Let j be 1*40 + 1 + -1. What is the greatest common factor of f and j?
5
Let h be ((-2)/1)/((-8)/(-36)). Let p = h + 12. Suppose 3*o - g = 41, 5*o - 30 = p*o - 2*g. What is the greatest common factor of o and 2?
2
Suppose -594 = -i - 4*x, x + 1206 = 2*i - 0*x. What is the highest common factor of i and 215?
43
Let d be (-1)/((-65)/16614) + 2/5. Calculate the highest common divisor of d and 48.
16
Let a(r) = -r**3 + 27*r**2 - r + 31. Let u be a(27). Let w(m) = m**3 - 3*m**2 - m + 4. Let x be w(3). What is the highest common factor of x and u?
1
Suppose -21*p + 1224 = -4*p. Calculate the highest common factor of 36 and p.
36
Suppose 0 = -11*w - 783 + 2741. Suppose 7*u - 570 + w = 0. Calculate the highest common divisor of u and 42.
14
Let o(i) = 2*i + 2. Let w be o(0). Suppose -2*r + 0*v = -5*v - 15, -6 = -3*r + w*v. Let h be 36/9 + (r - -41). What is the highest common factor of h and 18?
9
Let d be -14*(-4 + 4 + -1). Suppose 0 = -19*i + 21*i + d. Let j = i - -10. What is the highest common divisor of j and 6?
3
Suppose 0 = -0*w - 20*w + 380. Calculate the greatest common factor of w and 19.
19
Suppose 177 = 4*l - 3*m, -2*l - m + 81 = -0*m. Let s = 12 + -4. Suppose t - 38 = -5*u + 34, 4*t - s = 0. Calculate the highest common divisor of l and u.
14
Suppose -29 - 10 = 3*u. Let g = 18 + u. Calculate the greatest common factor of g and 10.
5
Let y be 370/(-130) + 2/(-13) - -8. What is the highest common divisor of 1195 and y?
5
Let o(d) = 81*d - 205. Let a be o(5). Calculate the highest common factor of a and 650.
50
Suppose -14*o + 8 = -48. Let a(q) = -9*q - 7. Let f be a(-5). Suppose -4 = -w, -o*l - f = -4*w - 158. Calculate the highest common factor of 17 and l.
17
Let g = 13 + -9. Suppose -5*i = 25, -4*i - 496 = g*u - 1880. Suppose 10*n - u = 7*n. Calculate the highest common factor of n and 13.
13
Let y be -2*(-3 + -1 + 2). Let n(q) = q**2 - 18*q + 4. Let a be n(0). Calculate the greatest common divisor of a and y.
4
Let w(g) = -g**3 - 8*g**2 - 9*g - 8. Let u be w(-7). Let h be 4*(-2)/(-4) - -3. Let n = h - -1. What is the highest common factor of u and n?
6
Suppose v - 208 = -2*p, -5*p + 3*v = 5*v - 520. Suppose -4*y - p = -12*y. Calculate the greatest common factor of 39 and y.
13
Suppose 3*a = 0, 3*p - 4719 = 6*a - 9*a. What is the greatest common factor of 39 and p?
13
Let z be 5/((-2)/4*2). Let i be (2/(-7))/(z/35). Suppose o = -i*q + 7 + 11, -2*o = 8. What is the greatest common divisor of 55 and q?
11
Let k(l) = 6*l**3 - l**2. Let y(q) = -q**3 - 15*q**2 + 17*q + 17. Let p be y(-16). Let u be k(p). Calculate the highest common divisor of 1 and u.
1
Let y be 13/(117/126) + -3. What is the highest common factor of 495 and y?
11
Let u be 5/5 - -1*(6 - 5). Calculate the highest common factor of 86 and u.
2
Let u = 104 + -103. Suppose -3*w + 63 = -3*g, u - 2 = g. Calculate the highest common divisor of w and 200.
20
Let p = -141 + 621. What is the greatest common factor of 20 and p?
20
Let a(o) be the first derivative of -o**4/4 - 17*o**3/3 - 15*o**2/2 + 21*o - 1. Let h be a(-16). What is the greatest common factor of h and 70?
5
Let n be ((-21)/4)/((-12)/1488). What is the highest common divisor of 21 and n?
21
Suppose 56*r + 8 = 57*r. Suppose -r*m = 3 - 195. What is the greatest common divisor of 36 and m?
12
Let d(s) = -s**3 + 13*s**2 - 10*s + 11. Let r be d(12). Let u = r + -22. Calculate the highest common divisor of u and 13.
13
Let j(v) = 5*v**3 + v**2. Let l be j(1). Suppose l*q - 508 = q - 4*s, -3*q - s = -309. Let u = 42 - 29. What is the highest common divisor of u and q?
13
Suppose 0 = 5*a - 0*a - 200. Let s be (-27)/117 + (-2)/39*-102. What is the highest common divisor of s and a?
5
Let i = -22 + 19. Let s be (-83)/i - (91/(-21) + 5). Calculate the highest common divisor of 18 and s.
9
Let i = -83 + 50. Let k = 22 + i. Let y(n) = n**3 + 10*n**2 - 12*n - 9. Let t be y(k). Calculate the greatest common factor of 4 and t.
2
Let k(i) = 110*i**2 - 2*i**3 + 7 - 86*i**2 + 1. Let n be k(12). Calculate the greatest common divisor of 4 and n.
4
Let h(w) = -w**3 - 12*w**2 - 17*w + 18. Let p be h(-13). Calculate the greatest common factor of 24 and p.
24
Let r = 6 - -2. Let s(n) = -9*n - 41. Let f be s(-9). Calculate the greatest common divisor of f and r.
8
Let s be ((-9)/(-15))/(21/280). Suppose 0*v = v - 8. What is the greatest common divisor of v and s?
8
Let m be (65/15)/(1/174). What is the greatest common factor of 26 and m?
26
Suppose -g + 160 + 11 = 0. What is the greatest common divisor of 76 and g?
19
Suppose 0*k = 5*l + 3*k - 22, 4*l - k = 4. Suppose -l = -5*x + 3. Let o = 715 - 714. What is the highest common divisor of o and x?
1
Let m be (-2)/2 - -2 - (1 - 56). Suppose 2*a - 5*t = -a + 34, 5*a + 5*t = 30. Calculate the greatest common factor of m and a.
8
Let w = 233 - 177. Suppose -2*n = 3*s - 10, -2*s + 0*s + 4 = n. Calculate the greatest common divisor of n and w.
8
Let p = 117 - -129. What is the greatest common factor of p and 41?
41
Let y = 117 - 102. Suppose -4*r + 24 = -0*r. What is the highest common divisor of r and y?
3
Suppose 79*i = 89*i - 4160. What is the greatest common factor of 64 and i?
32
Suppose 260 = 13*c - 260. Calculate the greatest common divisor of c and 320.
40
Let i(m) = 71*m**2 + m - 2. Let n be i(1). Suppose -8*r - n = -18*r. What is the greatest common factor of r and 7?
7
Suppose 7 - 1 = -d. Let n be (-8)/12*1*d. Suppose n*t - 86 = f - 6*f, -4*f = 4*t - 88. What is the greatest common divisor of 96 and t?
24
Let k = 450 + -370. Let b(t) = t**2 + 3*t - 8. Let u be b(-7). What is the greatest common divisor of u and k?
20
Let q be -1 - ((-174)/(-10) - (-10)/(-25)). Let s = q - -117. Calculate the greatest common factor of s and 66.
33
Let r = 84 - 74. What is the highest common factor of 16 and r?
2
Let b be -2 - -4 - (0 + -2). Suppose -b*n = -42 - 78. Calculate the greatest common factor of 270 and n.
30
Let t be 46/(-14) - 24/(-84). Let d be t/2*(-1540)/(-33). Let k be 60/(-50)*d/3. Calculate the highest common factor of k and 7.
7
Let r = 252 + -253. Let b(p) = 3*p - p**2 - 2*p + 11*p**2. Let d be b(r). Calculate the greatest common factor of 9 and d.
9
Suppose 2 = b - 4*u + 2*u, -2*u - 20 = -4*b. Let p = b + 29. What is the highest common factor of 35 and p?
35
Suppose 4*x + 4*y = -36, x - 2*x + 3*y - 21 = 0. Let b(m) = -m**2 - 12*m + 6. Let c be b(x). What is the highest common factor of 36 and c?
6
Let t be ((2 - 6) + 2)*282/(-4). Suppose -137*j = -t*j + 480. What is the highest common divisor of 24 and j?
24
Suppose -x - 45 = -6*x. Suppose 5*v = x + 1. Let a be 24*(0 + 3/v). Calculate the greatest common divisor of a and 24.
12
Let j(h) = -h**3 + 12*h**2 - 2*h - 1494 + 1494. Let l be (-3)/(-2)*(-40)/(-6). Let g be j(l). Calculate the greatest common divisor of 18 and g.
18
Suppose 0 = o + 70*o - 426. Calculate the greatest common divisor of o and 111.
3
Let a(o) = o - 17. Let z be a(10). Let t = z - -25. Calculate the highest common divisor of t and 162.
18
Let k = 22 + -20. Let v = 2 - k. Suppose 7*t - 35 - 56 = v. What is the highest common divisor of t and 104?
13
Let y be 8/6*36*1. Calculate the highest common factor of y and 36.
12
Suppose 0 = a + 5*v - 55, 2*a - 175 = -0*a + 3*v. Calculate the highest common divisor of a and 100.
20
Let w = -3 - -5. Suppose 7*s + 225 = w*s. Let u = s - -213. What is